**5/20 - m**4/8 + m**3/6 + m**2. Suppose 2*d = -4*c + 10, -3*d + 7 = 5*c - c. Is n(d) prime?
False
Is (-290)/(-6)*(-18)/(-6) a prime number?
False
Suppose 2*s - 3*s = 0, -3*p - s + 6 = 0. Suppose 4*y - 222 = p*y. Is y prime?
False
Suppose 3*r + 4248 = -r. Let d = -691 - r. Is d a prime number?
False
Suppose -5*k + 2413 = -1482. Is k a composite number?
True
Suppose 0 = -4*p + 3*p. Let s(k) = -k**3 + k**2 - k + 66. Let d be s(p). Let o = 19 + d. Is o a prime number?
False
Let i = -95 - -207. Suppose p + p + i = 0. Let u = p - -141. Is u a prime number?
False
Let k(o) = o**2 - 5*o - 3. Let n be k(3). Let j = n - -268. Is j composite?
True
Let u = -4 + -2. Let l(h) = -12*h - 2. Let n be l(u). Suppose n = p + p. Is p a composite number?
True
Suppose 0*c = 4*c - 7948. Is c composite?
False
Suppose 2*j + 6 = 0, -5*l + 9*l - 5*j = 34187. Is l composite?
False
Suppose 12*q - 13739 = q. Is q a prime number?
True
Let j(r) = -31*r - 6. Is j(-7) composite?
False
Let q = 10 + -6. Suppose q*h - 2*h - 6 = 0. Suppose l + v = 2*l - 8, 2*l - h*v = 13. Is l prime?
True
Is 2 + -3 + 3 + 125 a composite number?
False
Suppose -5*z - 78 = -3*z. Is 12*1*z/(-12) prime?
False
Let i = 25 - -102. Is i prime?
True
Suppose -c + 3879 = c + v, -v - 3869 = -2*c. Is c a prime number?
False
Let s(y) = -4*y**2. Let w be s(-1). Let k(z) = z**3 + 4*z**2 - 6*z - 5. Is k(w) a prime number?
True
Let q = 28 + 55. Is q prime?
True
Let h be (7*7/(-1))/(-1). Suppose 0*u + h = u. Is u composite?
True
Let u(z) = 8*z**2 - 2*z + 1. Is u(-2) composite?
False
Let n = -290 - -409. Is n a prime number?
False
Suppose 0*q = -3*q + 24. Is ((-6)/9)/(q/(-15108)) a composite number?
False
Let i be ((-2)/7)/(7/(-49)). Suppose t + 88 = i*t - 5*w, 5*t - 585 = -4*w. Is t prime?
True
Let q be (-2 + 0)*((-22)/(-4))/11. Let h(a) = 8*a**2 + 3*a + 176*a**2 - 4*a. Is h(q) a composite number?
True
Let r(i) = i - 7. Let x(l) = -2*l + 7. Let y(b) = -2*r(b) - 3*x(b). Is y(5) composite?
False
Suppose 2*s - 20 = -3*s. Suppose 4*i + 0*n - 4846 = n, -s*n - 8 = 0. Is i composite?
True
Let q(d) = -3*d + 5. Let w be q(6). Let p be (-3)/(w/(-10) + -1). Let u = p + 17. Is u a prime number?
True
Is (1 - (-3)/(-6))*2*2359 prime?
False
Suppose -4*h = 3 - 43. Let q(a) = -a**2 + a + 4*a - 13 + 10*a. Is q(h) prime?
True
Let c = -19 - -115. Let x be (c/(-10))/((-21)/350). Let u = x - 39. Is u a prime number?
False
Suppose 0 = 2*s + 5*p - 1363, -3*p - 3590 = -5*s - 198. Is s prime?
False
Let u be (-2)/1 - (-9 - 1). Is (u/12)/(1/33) a prime number?
False
Let y(m) = -m**2 - 3*m + 3. Let x be y(-6). Let q(i) = -33*i**3 + 2*i**2 - 1. Let r be q(-1). Let o = x + r. Is o composite?
False
Let i(g) = -14*g - 11. Is i(-10) prime?
False
Let m(f) = 3*f + 4. Let t = 35 + -23. Suppose 4*j = 2*j + t. Is m(j) a prime number?
False
Suppose 2*t = -2*t - 40. Let u be (-26)/(-10) + 6/t. Is u/5 + (-879)/(-15) composite?
False
Suppose -5*a - 5*n + 2308 = -2*a, 5*a - 3859 = 4*n. Is a a prime number?
False
Is (-20949)/(-33) + 6/33 prime?
False
Suppose -4*t + 30 = -t. Suppose -4*y + 18 = -t. Is (1*-1)/(y/(-273)) a composite number?
True
Suppose s = 5*s + b - 1993, 3*s - 1476 = 3*b. Is s prime?
False
Let c = -928 + 1377. Is c prime?
True
Let r be 1 + (-2)/4*-4. Suppose r*p = 3*t - 6*t + 168, -t - 3*p = -62. Is t composite?
False
Let j(c) = -c**2 + 4*c - 3. Let p = 0 + 2. Let y be j(p). Let x(k) = 11*k - 1. Is x(y) a prime number?
False
Suppose -2*a = -3 - 5. Suppose 5*c = a*c + 119. Is c prime?
False
Let a(k) = 19*k**2 - 3*k - 5. Let c be a(6). Suppose -5*u - 276 = -c. Is u composite?
True
Is -6 - (-7 - -3) - (1 + -422) a composite number?
False
Let v(r) be the second derivative of r**5/20 + 11*r**4/12 + 2*r**3 - 3*r**2/2 + 6*r. Is v(-9) a prime number?
False
Suppose -2*p - 21 = -667. Is p a composite number?
True
Suppose j + 5 = -1. Let g = -14 - -30. Let i = g + j. Is i composite?
True
Let t be (-2121)/(-4) - (-1)/(-4). Suppose 5*q - t = -0*q. Is q composite?
True
Let w be -2 + -4 + 7 + 2. Suppose 63 = 2*g + w*b, -49 = -g + b + b. Is g prime?
False
Is 7/(-14) - 983/(-2) a prime number?
True
Let o = 13 + -9. Is o/18 + 1648/36 a prime number?
False
Let u be (5/(-4))/(2/8). Let p = u + 7. Suppose 0*k = -p*k + 114. Is k prime?
False
Is (-953)/(-5) + 18/45 composite?
False
Let k(i) = 43*i**2 - 2*i - 2. Is k(-1) a composite number?
False
Let v = -95 + 160. Is v a prime number?
False
Let y(g) = g**3 + 8*g**2 + 2*g - 6. Let a be y(-6). Let d = a - 10. Suppose 6*q = 2*q + d. Is q composite?
False
Suppose -5*a + 14285 = 4*x, -2*a = a - 5*x - 8608. Is a a prime number?
True
Let x(b) = -25*b + 2. Let f be x(-3). Is (2 + -1)/1*f a composite number?
True
Suppose -2*m + 1110 = -2*r, -4*r + 2848 - 644 = 4*m. Is m composite?
True
Let i = -22 - -53. Suppose -2*a - 5*p = -i, a + 2*p = -2*p + 23. Suppose 2*s + 39 = a*s. Is s a composite number?
True
Suppose -3*g = -5*g + 10. Suppose -g*k + s = -260, -k + 4*k - 179 = -4*s. Is k prime?
True
Let a(s) be the second derivative of s**4/6 + 3*s**3/2 + 3*s**2/2 + 2*s. Let y(f) = f - 2. Let r be y(-5). Is a(r) composite?
True
Suppose t - 26 - 17 = 0. Let a(m) = -65*m + 4. Let z be a(-2). Suppose 0 = -3*i + t + z. Is i composite?
False
Let c(j) = j**3 + 3*j**2 - j - 1. Let t be c(-3). Suppose -4*n - 5*h = -41, 0 = t*n - 0*n + 3*h - 21. Let i = 16 - n. Is i a prime number?
True
Let a(h) = -h + 10. Let o be a(0). Let m = o - 6. Suppose -m*k + 3*y = -144, y - 4*y = 2*k - 90. Is k composite?
True
Let y(m) = -10*m + 19. Is y(-13) a prime number?
True
Let d = 91 - 45. Is d prime?
False
Suppose 0*h + 2*n + 100 = -3*h, -165 = 5*h + 3*n. Let q = -23 - h. Is q prime?
True
Let l(k) = -k + 2. Let t be l(-2). Let i = 6 - t. Suppose 2*v - 54 = -i*v + 2*g, 15 = 5*g. Is v a composite number?
True
Let l(d) = -540*d + 19. Is l(-5) prime?
True
Suppose 31 = 5*g + 6. Suppose g*w + 13 = -12, 5*w = 3*v - 58. Let h = v + -5. Is h a prime number?
False
Let l(p) = 56*p - 5. Is l(8) composite?
False
Let i be -2*((-1 - 0) + 0). Suppose -i*p = -2, -2*z - p - 2*p = -135. Suppose -2*c = -z - 8. Is c prime?
True
Suppose -627 = -5*l - 4*f, f = 3*l - 92 - 291. Is l a composite number?
False
Suppose -4*b + 3*q + 17820 = -b, -b = -2*q - 5942. Is b a prime number?
False
Is (30/3)/((-6)/(-177)) prime?
False
Let m be (83 + -2)/1 + -1. Let o(c) = c + 8. Let f be o(-6). Suppose 4*x - m = f*r + 144, -5*r = 5*x - 265. Is x composite?
True
Is 12 + (-4 - (-2 + -3)) a prime number?
True
Suppose 3590 + 2006 = 4*v. Is v a prime number?
True
Let d(l) = -216*l - 7. Is d(-3) prime?
True
Suppose -2*w - 4*l = -0*l - 2762, -2774 = -2*w - l. Is w composite?
True
Let w(v) = 34*v - 3. Let r be w(2). Suppose 2*c - 3*n - 40 = -4*n, -3*c - 4*n = -r. Is c a prime number?
True
Let v(i) = -i**2 + 1. Let s be v(-2). Let u = 6 + s. Suppose -u*o - 7 = -70. Is o composite?
True
Let t(s) = -s**2 + s + 34. Let g be t(0). Suppose -19 = -u + g. Is u a prime number?
True
Suppose 0 = -3*s + 3*i - 9, 4*s = 2*s - i + 9. Is 813/9 + s/3 a prime number?
False
Is 489/(-6)*4/(-2) prime?
True
Let n = -2797 - -5406. Is n a composite number?
False
Let i be (-3)/(2 - (-274)/(-140)). Let j = 7 - i. Is j a prime number?
False
Let m = 909 + -522. Let z = m + 100. Is z prime?
True
Suppose 5*j + 1334 = 7*j. Is j prime?
False
Suppose 4*g - 237 = g. Is g a prime number?
True
Suppose 2*i = u + 2*u - 5, 0 = -4*u + i + 15. Suppose 0 = -3*t + u*m - 23, 4*t - 13 = t - 4*m. Let w(l) = 23*l**2 - l - 1. Is w(t) prime?
True
Is 67/3 - (-48)/(-36) a composite number?
True
Suppose 2*w = 5*n + 437, -4*w + 424 = -2*n - 426. Is w a composite number?
False
Let d = 56 - -1011. Is d a prime number?
False
Let d = -525 - -1006. Is d prime?
False
Let o = -39 - -107. Suppose -28 = -2*a + m, -a - 5*m + o = 2*a. Suppose 2*x - a = 30. Is x composite?
False
Let s be (-6)/9 - 658/(-6). Let c = 94 + s. Is c composite?
True
Let c(l) = -l**3 - 6*l**2 - 2*l - 9. Let k be c(-6). Suppose 0 = o - 3*x - 44, -x + 128 = 4*o + k*x. Is o a prime number?
False
Let c = 8 - 6. Suppose -3*k + c*k = -6. Is k prime?
False
Suppose -4*f - 80 = -4*z, 4*z - 2*z = -2*f + 24. Let y = 47 - z. Is y a prime number?
True
Suppose -5*t - 501 = -8*t. Suppose 2*f = f + t. Is f prime?
True
Let u(w) = w**3 + 8*w**2 - 4*w - 7. Let a be u(-8). Let r = a + 34. Let q = r + -36. Is q